the greatest common divisor of 8018 and 76.
38
Calculate the highest common factor of 20 and 120.
20
What is the highest common factor of 583 and 77?
11
What is the greatest common factor of 117 and 1352?
13
Calculate the greatest common divisor of 10 and 78.
2
Calculate the highest common divisor of 7052 and 344.
172
Calculate the greatest common divisor of 5228 and 20.
4
Calculate the greatest common factor of 1504 and 512.
32
Calculate the greatest common divisor of 154 and 231.
77
What is the highest common divisor of 112 and 581?
7
What is the greatest common divisor of 18 and 702?
18
What is the greatest common divisor of 60 and 21600?
60
Calculate the greatest common factor of 516 and 30.
6
What is the greatest common divisor of 231 and 1551?
33
Calculate the highest common divisor of 108 and 192.
12
What is the greatest common factor of 80 and 48?
16
What is the greatest common factor of 1185 and 15?
15
Calculate the greatest common factor of 110 and 1470.
10
What is the greatest common factor of 135 and 585?
45
Calculate the highest common factor of 250 and 170.
10
Calculate the greatest common divisor of 493 and 1102.
29
Calculate the greatest common divisor of 729 and 27.
27
What is the highest common divisor of 9 and 144?
9
Calculate the greatest common factor of 17731 and 447.
149
What is the greatest common divisor of 11 and 3157?
11
Calculate the greatest common divisor of 100 and 40.
20
What is the highest common factor of 143 and 103961?
143
Calculate the greatest common divisor of 17 and 9350.
17
What is the highest common divisor of 96 and 12?
12
Calculate the highest common factor of 1872 and 1053.
117
What is the greatest common divisor of 740 and 74?
74
Calculate the greatest common divisor of 165 and 132.
33
What is the greatest common factor of 98 and 112?
14
Calculate the highest common factor of 1314 and 12.
6
What is the highest common factor of 4160 and 200?
40
What is the highest common factor of 264 and 198?
66
Calculate the greatest common factor of 45 and 20.
5
What is the greatest common divisor of 10 and 890?
10
Calculate the greatest common factor of 14 and 357.
7
What is the greatest common divisor of 1 and 5?
1
Calculate the greatest common divisor of 1 and 9.
1
Calculate the greatest common factor of 28 and 42.
14
What is the greatest common factor of 1068 and 8900?
356
Calculate the highest common factor of 81 and 513.
27
Calculate the highest common factor of 40 and 3020.
20
What is the greatest common divisor of 342 and 209?
19
What is the highest common divisor of 19 and 171?
19
Calculate the highest common factor of 56 and 56.
56
What is the greatest common divisor of 20 and 4390?
10
What is the highest common factor of 32 and 3?
1
Calculate the highest common divisor of 22 and 22.
22
Calculate the highest common factor of 335 and 8107.
67
What is the greatest common divisor of 935 and 119?
17
Calculate the highest common divisor of 14 and 3626.
14
Calculate the greatest common factor of 13 and 481.
13
What is the greatest common factor of 38 and 41306?
38
Calculate the greatest common factor of 276 and 204.
12
What is the greatest common factor of 67 and 2479?
67
Calculate the greatest common divisor of 90 and 630.
90
Calculate the greatest common divisor of 46 and 4922.
46
Calculate the highest common divisor of 22 and 374.
22
What is the greatest common divisor of 946 and 8?
2
Calculate the highest common factor of 1765 and 5.
5
Calculate the greatest common divisor of 323 and 19.
19
Calculate the greatest common factor of 177 and 767.
59
What is the highest common divisor of 126 and 3178?
14
Calculate the greatest common divisor of 32 and 1472.
32
Calculate the highest common factor of 3366 and 238.
34
What is the greatest common factor of 3 and 663?
3
Calculate the greatest common divisor of 315 and 35.
35
What is the greatest common factor of 100 and 940?
20
What is the highest common divisor of 950 and 200?
50
Calculate the highest common divisor of 2064 and 12.
12
Calculate the highest common factor of 602 and 344.
86
Calculate the greatest common divisor of 27 and 1323.
27
What is the highest common factor of 4624 and 16?
16
Calculate the greatest common divisor of 188 and 2162.
94
Calculate the highest common divisor of 677 and 1.
1
Calculate the highest common divisor of 23 and 69.
23
Calculate the greatest common factor of 2522 and 26.
26
What is the greatest common divisor of 49 and 539?
49
What is the highest common divisor of 1274 and 245?
49
What is the highest common factor of 228 and 1938?
114
What is the highest common divisor of 96 and 8?
8
What is the greatest common factor of 130 and 70?
10
Calculate the highest common divisor of 120 and 1272.
24
Calculate the greatest common divisor of 57 and 1425.
57
What is the highest common divisor of 26908 and 28?
28
What is the greatest common divisor of 408 and 24?
24
What is the highest common divisor of 1 and 29?
1
What is the highest common divisor of 1510 and 10?
10
What is the greatest common factor of 210 and 90?
30
Calculate the greatest common divisor of 30 and 102.
6
What is the greatest common divisor of 1820 and 133?
7
What is the greatest common divisor of 16 and 25904?
16
Calculate the greatest common factor of 375 and 525.
75
What is the greatest common divisor of 16 and 200?
8
What is the highest common factor of 256 and 96?
32
Calculate the greatest common divisor of 6355 and 205.
205
What is the highest common factor of 95 and 247?
19
Calculate the greatest common factor of 136 and 850.
34
What is the greatest common divisor of 558 and 18?
18
What is the highest common divisor of 77 and 1232?
77
Calculate the highest common factor of 5 and 2045.
5
Calculate the highest common divisor of 91 and 140.
7
Calculate the highest common factor of 15 and 2310.
15
Calculate the greatest common divisor of 147 and 28.
7
What is the highest common divisor of 92 and 1978?
46
Calculate the highest common divisor of 507 and 273.
39
Calculate the greatest common divisor of 90 and 198.
18
Calculate the highest common factor of 21 and 24.
3
What is the highest common divisor of 27 and 783?
27
What is the greatest common factor of 60 and 330?
30
Calculate the highest common factor of 6 and 78.
6
What is the greatest common factor of 1859 and 55?
11
What is the greatest common factor of 3375 and 486?
27
What is the greatest common divisor of 62 and 3658?
62
Calculate the greatest common divisor of 224 and 560.
112
What is the highest common divisor of 40 and 88?
8
Calculate the highest common divisor of 1022 and 70.
14
What is the greatest common divisor of 45 and 5?
5
What is the greatest common factor of 312 and 507?
39
Calculate the greatest common factor of 96 and 216.
24
Calculate the greatest common divisor of 21 and 56.
7
Calculate the highest common divisor of 60 and 4404.
12
What is the greatest common divisor of 261 and 45?
9
Calculate the highest common divisor of 2400 and 288.
96
Calculate the greatest common factor of 3074 and 58.
58
Calculate the greatest common divisor of 47 and 611.
47
Calculate the highest common divisor of 74 and 4366.
74
What is the greatest common factor of 60 and 120?
60
Calculate the greatest common divisor of 2035 and 925.
185
What is the highest common factor of 2828 and 35?
7
Calculate the greatest common factor of 44 and 11.
11
What is the highest common factor of 1960 and 133?
7
Calculate the greatest common factor of 1378 and 26.
26
Calculate the greatest common divisor of 110 and 352.
22
What is the greatest common factor of 450 and 144?
18
Calculate the greatest common divisor of 4335 and 15.
15
What is the greatest common factor of 54 and 4?
2
What is the highest common factor of 8 and 144?
8
Calculate the greatest common factor of 7124 and 104.
52
What is the greatest common divisor of 40 and 640?
40
Calculate the highest common divisor of 2 and 27.
1
What is the greatest common divisor of 93 and 16771?
31
What is the highest common divisor of 4 and 76?
4
What is the highest common divisor of 570 and 30?
30
Calculate the greatest common divisor of 1020 and 17.
17
Calculate the greatest common factor of 31 and 10.
1
What is the highest common factor of 27 and 342?
9
What is the highest comm